8)?
4
Suppose -6*p + 4 = -5*p. Suppose 2*l + p*l = 54. What is the units digit of l?
9
Suppose 30 - 15 = 3*c. Suppose -208 = -4*f + c*g + 89, 0 = 5*f + 2*g - 330. What is the units digit of f?
8
Suppose -5*s = 4*c - 585, 0 = c + 2*c + s - 425. Let d = 5 - 3. Suppose -d*n + h + 30 = -n, c = 5*n - 3*h. What is the units digit of n?
5
Suppose -h = s - 824, -4*h - 1065 = -2*s + 565. What is the units digit of s?
1
Suppose 0 = -135*k + 132*k + 7005. What is the hundreds digit of k?
3
Suppose -196 = -6*x + 104. What is the tens digit of x?
5
Let x(a) = -136*a + 21. Let n(m) = 204*m - 31. Let z(q) = 5*n(q) + 8*x(q). What is the units digit of z(-2)?
9
Suppose 767 = -12*z + 25*z. What is the units digit of z?
9
Let y(z) = z - 9. Let u be y(8). What is the units digit of (1 + -79)*u - 3?
5
Let f(y) = y**2 + 1. Let q(s) = -3*s**2 - 7*s - 21. Let a(h) = -2*f(h) - q(h). Let v be a(-8). Let m = v - 14. What is the tens digit of m?
1
Let d(o) = o**2 + 25*o - 97. What is the tens digit of d(-31)?
8
Let g(b) = -b**3 - 15*b**2 - 33*b + 10. What is the hundreds digit of g(-14)?
2
Let p = 40 + -40. Suppose -3*n = 5*w - 110, p = n - 4*w - 6 - 8. What is the units digit of n?
0
Let o(w) = w + 38. What is the units digit of o(7)?
5
Let u be (-2)/9 - 24/(-108). Let j be -2 + 4 - (u - -2). Suppose 5*w - 113 - 17 = j. What is the tens digit of w?
2
Suppose 4*r - 782 = -4*f - 210, 5*r - 433 = -3*f. What is the hundreds digit of f?
1
Let v be (-180)/(-21) + (-8)/14. Let m(q) = q**2 + v*q + 0*q - 8 - 3. What is the tens digit of m(-11)?
2
Suppose -5*m + 0*m + 2*m = 0. Suppose m*x + 3*x - 753 = 0. What is the tens digit of x?
5
Let x = 69 - 59. What is the units digit of ((-12)/x)/(6/(-1080))?
6
Let a = 2988 + 2950. What is the tens digit of a?
3
Suppose -s + 643 = -5*d, -3*d - 2729 = -5*s + 464. What is the units digit of s?
8
Let r be -2*(5 - 4) + -6. Let x(p) = p + 5. Let t be x(r). What is the units digit of (t + 4)*(-28)/(-4)?
7
Let u(y) = -3*y + 29. Let z be u(8). Let t = 25 - -5. Suppose 4*h = -2*k + 78 + t, -z*h + k = -149. What is the tens digit of h?
2
Suppose 3*j - 4*v - 564 = 3650, 2*j = -3*v + 2832. What is the units digit of j?
0
Suppose -2 = -2*x + 3*t, 3*t + 7 = 3*x + 1. Let y = x + 2. What is the units digit of y/8*(42 + 2)?
3
Let b = 57 + -53. Suppose -114 = b*v - 438. What is the units digit of v?
1
Let i(z) = -z**2 + 21*z - 1. Let u be i(21). Let o(x) = -102*x**3 + 2*x**2 - x - 1. What is the hundreds digit of o(u)?
1
Let w = 536 - 173. What is the tens digit of w?
6
Let j be (-78)/(-30) - 4/(-10). Let r = 59 + j. Suppose -38 - r = -5*l. What is the tens digit of l?
2
Let c = 6 + 4. Let y = -6 + c. Suppose v = y*b - 15, -1 = -2*b + 3*v + 4. What is the units digit of b?
4
Let z be (1 + 0)*0/(-4). Suppose 0 = -z*w - 10*w + 690. What is the units digit of w?
9
What is the tens digit of -1*(-4)/12*753?
5
What is the hundreds digit of (1/((-10)/(-285)))/((-2)/(-68))?
9
Let w be (-12)/(-1*(3 - 1)). Let i be w/(-6)*(-14 - 0). What is the units digit of (-1*i)/(2/(-1))?
7
Let c(v) be the first derivative of 1 + 0 + v**2 - 6 + 16*v + 4. What is the tens digit of c(19)?
5
Suppose 8 = 5*t + 128. Suppose 2 + 0 = 2*z, z - 127 = 3*y. Let d = t - y. What is the tens digit of d?
1
Let c be (24/(-5))/((-3)/(-10)). Let i = -18 - c. What is the units digit of (-1)/i*6*6?
8
Let p(w) = 13. Let f(i) = 207. Let l(y) = -4*f(y) + 63*p(y). Let m(k) = -k. Let v(o) = l(o) - 5*m(o). What is the tens digit of v(7)?
2
What is the hundreds digit of (-2)/(6/(-21)) + 882?
8
Let n(d) be the first derivative of -d**5/20 - d**4/6 + d**3/2 + d**2 - 3*d - 3. Let s(p) be the first derivative of n(p). What is the tens digit of s(-4)?
2
What is the tens digit of (-42)/(-8)*-4*(-2 + -5)?
4
Let k(i) = i**3 + 30*i**2 - 45*i - 84. What is the units digit of k(-26)?
0
Let s = -16 - -18. Suppose -33 = -s*m + 135. What is the tens digit of m?
8
Suppose u = -5*r + 2, -8 = -2*u - r - 4. Suppose 8 = u*f - 2*a, -2*f + 2 = -3*f - 2*a. Suppose -2*t = -k + 14, -f*t - t = -k + 10. What is the units digit of k?
2
Suppose 9 = c - 4*p, -3*c - p = 1 - 2. Let a be c - ((0 - -2) + -1). Suppose -2*x + 0*x - 135 = -5*h, 2*x = a. What is the tens digit of h?
2
Let f(o) = 95*o + 4. Let i be f(2). Let m = i - 132. What is the tens digit of m?
6
Let r be 1/((-6)/32)*3. Let c = 28 + r. What is the tens digit of ((-15)/c)/((-1)/12)?
1
Suppose 0 = j + 4*j - 40. Let n = j - 2. Suppose c = -5*f + 40, f + 4 = n. What is the units digit of c?
0
Let l(h) = 7*h - 3. Let i be l(-1). Let j(u) = -u**3 - 10*u**2 - 3*u + 8. What is the tens digit of j(i)?
3
Let t(b) = 2*b**3 + 6*b**2 - b - 37. What is the hundreds digit of t(7)?
9
Suppose -35*p + 40352 = -3*p. What is the units digit of p?
1
Let n = 336 - 116. What is the units digit of n?
0
Suppose -4*h + 3*z + 407 = 0, 2*z - 4*z = h - 99. Suppose 2*f + 25 = h. Let u = 10 + f. What is the tens digit of u?
4
Let i(c) = c - 11 + 23*c**2 + 4 - c**3 + 5*c - 11*c**2. What is the tens digit of i(12)?
6
Suppose -13*x + 21120 = -2*x. What is the tens digit of x?
2
Suppose 73*b - 13086 = 64*b. What is the tens digit of b?
5
Let p(q) = -2*q**3 + 50*q**2 + 52*q + 110. What is the hundreds digit of p(26)?
1
Let j = -32 + 44. Suppose 0 = 4*u + 3*n + 9, 0 = u - 4*u + 4*n - 13. Let a = u + j. What is the units digit of a?
9
Let h(v) = 75*v**3 + 8*v**2 - 3*v + 1. What is the hundreds digit of h(3)?
0
Let w(r) = -5*r + r + 11*r - r**2 - 3. Let u be w(5). What is the tens digit of (u + -8)/(2/(-34))?
1
Suppose 63 = 5*f + 4*p + 23, 5*f + 2*p - 30 = 0. Let z be (2/f)/((-1)/(-6)). Suppose z*j - 24 = -2*h + 2*j, -4*h - 4*j = -40. What is the tens digit of h?
1
Suppose -11 = 2*o - 3. Let n = 1 + o. Let q(b) = -4*b + 4. What is the tens digit of q(n)?
1
Let d(c) = c**3 + 7*c**2 - 11*c - 5. Let j be d(-8). Suppose -4*o + 3*o = k - j, 0 = -3*k + o + 69. What is the tens digit of k?
2
Suppose 4*j = 5*d + 8851, -6618 = -3*j + 22*d - 25*d. What is the tens digit of j?
0
Let g be 28/(-5)*(-280)/16. Let p = g - 36. What is the tens digit of p?
6
Suppose -5472 = -2*w + 4*x, 4*w - 9*w = 3*x - 13615. What is the tens digit of w?
2
Let x(l) = -l**3 + l**2 + 74. Let j = 72 - 72. What is the tens digit of x(j)?
7
Let g(f) be the first derivative of 5*f**4/4 - f**3/3 + 3*f**2 - f - 1. What is the units digit of g(3)?
3
Suppose 0*q - 3*q + 15 = 0. Suppose -g + 191 = q*v - 154, -5 = g. What is the tens digit of v?
7
Let z be (-1 - 4 - -26)*20/6. What is the units digit of (z/22)/1 + 6/(-33)?
3
Let r(z) = -5*z - 6. Let c(p) = -p**2 - 15*p - 19. Let s(n) = -2*c(n) + 7*r(n). What is the tens digit of s(6)?
3
Let g(t) = -3*t**2 + 42*t + 37. What is the units digit of g(14)?
7
Let g(f) be the first derivative of -f**5/20 + f**4/3 + 7*f**3/6 - f**2 - 4*f + 1. Let h(a) be the first derivative of g(a). What is the units digit of h(5)?
8
Let f(b) = -b**2 - 13*b - 9. Let z be f(-12). Suppose 1 = 2*s - z. Suppose s*p = 3*i - 4*i + 36, 4*p - 16 = 0. What is the tens digit of i?
2
Suppose 4*g = -0*g + 1400. Suppose -2*r = 4*h + r - 291, r = -5*h + g. What is the tens digit of h?
6
Suppose -5*p - 10 = -0*p. What is the tens digit of (-1 - -2)*p + 68?
6
Let l(k) = -7*k - 40. What is the units digit of l(-26)?
2
Let g = 80 + -63. Let d(r) = 2*r**2 - 23*r + 40. What is the units digit of d(g)?
7
Suppose -14 = 3*b - 5*p + 10, -p = -2*b - 9. Let d(t) = 3*t**2 - 3*t + 3. Let s be d(b). Suppose 3*c = 4*g + g + s, 3*g + 17 = c. What is the units digit of c?
8
Let k(p) = 58*p**2 + p + 5. Let n(v) = -3*v + 13. Let c be n(5). What is the hundreds digit of k(c)?
2
What is the hundreds digit of 12565/45 + (-2)/9?
2
Let n(w) = 7*w**2 + 37*w + 23. Let r(d) = 10*d**2 + 56*d + 35. Let q(t) = 7*n(t) - 5*r(t). What is the units digit of q(-15)?
6
Suppose 0 = 3*i - 3*r - 3 - 3, 5*i + 5*r = -10. Suppose -4*y - 200 = -i*y. Let w = y - -85. What is the tens digit of w?
3
Let h(b) = 20*b - 4. Let a(u) = 5*u**2 - 2*u + 1. Let v be a(1). Let q be h(v). Let i = q + -28. What is the tens digit of i?
4
Suppose 3*y + 24 = -3*v, -5*v + 4 = y + 12. Let x = y - -7. What is the tens digit of -2 + (-27 + 0)*x?
2
Let l be 5439/28 + (0 - 3/(-4)). Suppose -l = -3*g - m + 164, -2*m = -3*g + 353. What is the tens digit of g?
1
Let s(z) = -47*z**3 - 3*z**2 + 15*z + 59. 